{"id":13120,"date":"2023-03-28T13:52:15","date_gmt":"2023-03-28T11:52:15","guid":{"rendered":"https:\/\/www.vivasalud.be\/?page_id=13120"},"modified":"2023-03-28T15:19:38","modified_gmt":"2023-03-28T13:19:38","slug":"viva-salud-invites-you-to-its-first-ever-garage-sale","status":"publish","type":"page","link":"https:\/\/www.vivasalud.be\/en\/viva-salud-vous-invite-a-son-tout-premier-vide-dressing\/","title":{"rendered":"Join us at our first ever Dress Sale!"},"content":{"rendered":"<figure class=\"wp-block-image alignwide size-full\"><img alt=\"\" fetchpriority=\"high\" decoding=\"async\" width=\"1920\" height=\"1080\" src=\"https:\/\/www.vivasalud.be\/wp-content\/uploads\/2023\/03\/Vide-dressing-couverture-.png\" class=\"wp-image-13133\" srcset=\"https:\/\/www.vivasalud.be\/wp-content\/uploads\/2023\/03\/Vide-dressing-couverture-.png 1920w, https:\/\/www.vivasalud.be\/wp-content\/uploads\/2023\/03\/Vide-dressing-couverture--800x450.png 800w, https:\/\/www.vivasalud.be\/wp-content\/uploads\/2023\/03\/Vide-dressing-couverture--768x432.png 768w, https:\/\/www.vivasalud.be\/wp-content\/uploads\/2023\/03\/Vide-dressing-couverture--1536x864.png 1536w, https:\/\/www.vivasalud.be\/wp-content\/uploads\/2023\/03\/Vide-dressing-couverture--400x225.png 400w\" sizes=\"(max-width: 1920px) 100vw, 1920px\" \/><\/figure>\n\n\n\n<div class=\"wp-block-columns alignwide are-vertically-aligned-center is-layout-flex wp-container-core-columns-is-layout-28f84493 wp-block-columns-is-layout-flex\">\n<div class=\"wp-block-column is-vertically-aligned-center is-layout-flow wp-block-column-is-layout-flow\">\n<p style=\"line-height:2\"><strong>Location:<\/strong><br>Brussels, Belgium<\/p>\n<\/div>\n\n\n\n<div class=\"wp-block-column is-vertically-aligned-center is-layout-flow wp-block-column-is-layout-flow\">\n<p style=\"line-height:2\"><strong>Date:<\/strong><br>23 April 2023<\/p>\n<\/div>\n\n\n\n<div class=\"wp-block-column is-vertically-aligned-center is-layout-flow wp-block-column-is-layout-flow\">\n<div class=\"wp-block-buttons is-layout-flex wp-block-buttons-is-layout-flex\">\n<div class=\"wp-block-button has-custom-width wp-block-button__width-100\"><a class=\"wp-block-button__link has-text-color has-background wp-element-button\" href=\"https:\/\/fb.me\/e\/3vGCHUNMo\" style=\"color:#efefef;background-color:#262626\" target=\"_blank\" rel=\"noreferrer noopener\">Facebook event<\/a><\/div>\n<\/div>\n<\/div>\n<\/div>\n\n\n\n<h2 class=\"wp-block-heading\">To fight for the right to health, Viva Salud is inviting you to its first ever dress sale on 23 April!<\/h2>\n\n\n\n<p>We look forward to welcoming you to our premises (chauss\u00e9e de Haecht 53, 1210 Saint-Josse-ten-Noode, near Botanique metro station and Brussels North station) from <strong>11 a.m. to 5 p.m.<\/strong> with drinks and food!<br>Above all, we'd be delighted to talk to you about our commitment and ambitions for public health. Please feel free to come and ask us any questions you may have, as the team will be taking turns throughout the day to answer them. The day will also be an opportunity for us to raise funds for our future campaign, which will be launched in mid-May.<\/p>\n\n\n\n<h2 class=\"wp-block-heading\">Let's take care of the carers<\/h2>\n\n\n\n<p><strong>Its objective?<\/strong> To support healthcare workers in their fight for better working conditions, to show the impact of privatisation in the healthcare sector, the benefits of public investment for a society and to emphasise the international dimension of this issue. Indeed, after months of research and discussions with our partners in Palestine, DR Congo and the Philippines, we are seeing the same struggles and the same government inaction. The campaign will aim to highlight all this.<\/p>\n\n\n\n<p>In the meantime, if this campaign inspires you, we're always on the lookout for good ideas and new energy! Would you like to join us in making noise for carers? This dress-down day is also an opportunity to get together for the first time!<\/p>\n\n\n\n<p>If not, we guarantee low prices and a great atmosphere! Either way, every purchase you make will demonstrate your commitment to the carers, as the funds raised will go directly towards the organisation and objectives of the campaign.<\/p>\n\n\n\n<p>To support us now, you can already share the event with others.<\/p>\n\n\n\n<div class=\"wp-block-buttons is-layout-flex wp-block-buttons-is-layout-flex\">\n<div class=\"wp-block-button\"><a class=\"wp-block-button__link wp-element-button\" href=\"https:\/\/fb.me\/e\/3vGCHUNMo\">Facebook event<\/a><\/div>\n<\/div>\n\n\n\n<p>Do you have any questions? Contact Steffi : <a href=\"mailto:steffi@vivasalud.be\">steffi@vivasalud.be<\/a><\/p>","protected":false},"excerpt":{"rendered":"<p>To fight for the right to health, Viva Salud is inviting you to its first ever dress sale on 23 April!<\/p>","protected":false},"author":15,"featured_media":13133,"parent":0,"menu_order":20,"comment_status":"closed","ping_status":"closed","template":"","meta":{"_acf_changed":false,"_seopress_robots_primary_cat":"","_seopress_titles_title":"","_seopress_titles_desc":"Pour lutter en faveur du droit \u00e0 la sant\u00e9, Viva Salud vous invite \u00e0 son tout premier vide-dressing le 23 avril prochain !","_seopress_robots_index":"","footnotes":""},"class_list":["post-13120","page","type-page","status-publish","has-post-thumbnail","hentry"],"acf":[],"_links":{"self":[{"href":"https:\/\/www.vivasalud.be\/en\/wp-json\/wp\/v2\/pages\/13120","targetHints":{"allow":["GET"]}}],"collection":[{"href":"https:\/\/www.vivasalud.be\/en\/wp-json\/wp\/v2\/pages"}],"about":[{"href":"https:\/\/www.vivasalud.be\/en\/wp-json\/wp\/v2\/types\/page"}],"author":[{"embeddable":true,"href":"https:\/\/www.vivasalud.be\/en\/wp-json\/wp\/v2\/users\/15"}],"replies":[{"embeddable":true,"href":"https:\/\/www.vivasalud.be\/en\/wp-json\/wp\/v2\/comments?post=13120"}],"version-history":[{"count":0,"href":"https:\/\/www.vivasalud.be\/en\/wp-json\/wp\/v2\/pages\/13120\/revisions"}],"wp:featuredmedia":[{"embeddable":true,"href":"https:\/\/www.vivasalud.be\/en\/wp-json\/wp\/v2\/media\/13133"}],"wp:attachment":[{"href":"https:\/\/www.vivasalud.be\/en\/wp-json\/wp\/v2\/media?parent=13120"}],"curies":[{"name":"wp","href":"https:\/\/api.w.org\/{rel}","templated":true}]}}

<figure class="wp-block-image alignwide size-full"><img alt="" fetchpriority="high" decoding="async" width="1920" height="1080" src="https://www.vivasalud.be/wp-content/uploads/2023/03/Vide-dressing-couverture-.png" class="wp-image-13133" srcset="https://www.vivasalud.be/wp-content/uploads/2023/03/Vide-dressing-couverture-.png 1920w, https://www.vivasalud.be/wp-content/uploads/2023/03/Vide-dressing-couverture--800x450.png 800w, https://www.vivasalud.be/wp-content/uploads/2023/03/Vide-dressing-couverture--768x432.png 768w, https://www.vivasalud.be/wp-content/uploads/2023/03/Vide-dressing-couverture--1536x864.png 1536w, https://www.vivasalud.be/wp-content/uploads/2023/03/Vide-dressing-couverture--400x225.png 400w" sizes="(max-width: 1920px) 100vw, 1920px" /></figure>



<div class="wp-block-columns alignwide are-vertically-aligned-center is-layout-flex wp-container-core-columns-is-layout-28f84493 wp-block-columns-is-layout-flex">
<div class="wp-block-column is-vertically-aligned-center is-layout-flow wp-block-column-is-layout-flow">
<p style="line-height:2"><strong>Location:</strong><br>Brussels, Belgium</p>
</div>



<div class="wp-block-column is-vertically-aligned-center is-layout-flow wp-block-column-is-layout-flow">
<p style="line-height:2"><strong>Date:</strong><br>23 April 2023</p>
</div>



<div class="wp-block-column is-vertically-aligned-center is-layout-flow wp-block-column-is-layout-flow">
<div class="wp-block-buttons is-layout-flex wp-block-buttons-is-layout-flex">
<div class="wp-block-button has-custom-width wp-block-button__width-100"><a class="wp-block-button__link has-text-color has-background wp-element-button" href="https://fb.me/e/3vGCHUNMo" style="color:#efefef;background-color:#262626" target="_blank" rel="noreferrer noopener">Facebook event</a></div>
</div>
</div>
</div>



<h2 class="wp-block-heading">To fight for the right to health, Viva Salud is inviting you to its first ever dress sale on 23 April!</h2>



<p>We look forward to welcoming you to our premises (chaussée de Haecht 53, 1210 Saint-Josse-ten-Noode, near Botanique metro station and Brussels North station) from <strong>11 a.m. to 5 p.m.</strong> with drinks and food!<br>Above all, we'd be delighted to talk to you about our commitment and ambitions for public health. Please feel free to come and ask us any questions you may have, as the team will be taking turns throughout the day to answer them. The day will also be an opportunity for us to raise funds for our future campaign, which will be launched in mid-May.</p>



<h2 class="wp-block-heading">Let's take care of the carers</h2>



<p><strong>Its objective?</strong> To support healthcare workers in their fight for better working conditions, to show the impact of privatisation in the healthcare sector, the benefits of public investment for a society and to emphasise the international dimension of this issue. Indeed, after months of research and discussions with our partners in Palestine, DR Congo and the Philippines, we are seeing the same struggles and the same government inaction. The campaign will aim to highlight all this.</p>



<p>In the meantime, if this campaign inspires you, we're always on the lookout for good ideas and new energy! Would you like to join us in making noise for carers? This dress-down day is also an opportunity to get together for the first time!</p>



<p>If not, we guarantee low prices and a great atmosphere! Either way, every purchase you make will demonstrate your commitment to the carers, as the funds raised will go directly towards the organisation and objectives of the campaign.</p>



<p>To support us now, you can already share the event with others.</p>



<div class="wp-block-buttons is-layout-flex wp-block-buttons-is-layout-flex">
<div class="wp-block-button"><a class="wp-block-button__link wp-element-button" href="https://fb.me/e/3vGCHUNMo">Facebook event</a></div>
</div>



<p>Do you have any questions? Contact Steffi : <a href="mailto:steffi@vivasalud.be">steffi@vivasalud.be</a></p>

Pour lutter en faveur du droit à la santé, Viva Salud vous invite à son tout premier vide-dressing le 23 avril prochain !
