{"id":9576,"date":"2021-11-25T16:33:48","date_gmt":"2021-11-25T15:33:48","guid":{"rendered":"https:\/\/www.vivasalud.be\/?page_id=9576"},"modified":"2022-06-29T16:01:37","modified_gmt":"2022-06-29T14:01:37","slug":"defend-the-defenders","status":"publish","type":"page","link":"https:\/\/www.vivasalud.be\/en\/defend-the-defenders\/","title":{"rendered":"Defend the Defenders"},"content":{"rendered":"<h1 class=\"wp-block-heading\">Defend the Defenders<\/h1>\n\n\n\n<figure class=\"wp-block-image size-full\"><a href=\"https:\/\/www.vivasalud.be\/wp-content\/uploads\/2021\/11\/FB_event_defend-the-defenders_20213.jpg\"><img fetchpriority=\"high\" decoding=\"async\" width=\"1920\" height=\"1005\" src=\"https:\/\/www.vivasalud.be\/wp-content\/uploads\/2021\/11\/FB_event_defend-the-defenders_20213.jpg\" alt=\"Defend the Defenders 2021\" class=\"wp-image-9583\" srcset=\"https:\/\/www.vivasalud.be\/wp-content\/uploads\/2021\/11\/FB_event_defend-the-defenders_20213.jpg 1920w, https:\/\/www.vivasalud.be\/wp-content\/uploads\/2021\/11\/FB_event_defend-the-defenders_20213-800x419.jpg 800w, https:\/\/www.vivasalud.be\/wp-content\/uploads\/2021\/11\/FB_event_defend-the-defenders_20213-768x402.jpg 768w, https:\/\/www.vivasalud.be\/wp-content\/uploads\/2021\/11\/FB_event_defend-the-defenders_20213-1536x804.jpg 1536w\" sizes=\"(max-width: 1920px) 100vw, 1920px\" \/><\/a><\/figure>\n\n\n\n<p><strong>On 10 December, we commemorate the signing of the Universal Declaration of Human Rights. For 73 years, social movements have defended our fundamental rights: decent work has been achieved through strikes organised by trade unions, indigenous peoples have put an end to mega-mining projects, and youth mobilisation has placed climate justice at the top of the political agenda.<\/strong><\/p>\n\n\n\n<p>In Colombia, the Philippines, Palestine, Guatemala, Afghanistan... but also in Belgium, civil society is under pressure: from the suspension of their right to protest, to judgements limiting their right to take action, to attacks on the reputation of human rights defenders, to arrests and even murders.<\/p>\n\n\n\n<p>On 10 December, <a href=\"https:\/\/defendthedefenders2021.wordpress.com\/\" target=\"_blank\" rel=\"noreferrer noopener\">Defend the Defenders<\/a>, a broad coalition of trade unions and social movements, is organising actions across Belgium and in several other countries in solidarity with all these movements. We are literally shining a light on their commitment and our rights!<\/p>\n\n\n\n<p>This year, events are taking place in Brussels, Sint-Niklaas and Verviers.<\/p>\n\n\n\n<h2 class=\"wp-block-heading\">Our objectives<\/h2>\n\n\n\n<p>We demand that Belgium<\/p>\n\n\n\n<ul class=\"wp-block-list\"><li>establish effective protection mechanisms for human rights defenders and environmental activists around the world;<\/li><li>protects human rights defenders, environmentalists and social movements in its diplomatic contacts with governments around the world;<\/li><li>pursues a foreign policy consistent with human rights.<\/li><\/ul>\n\n\n\n<h2 class=\"wp-block-heading\">Take part<\/h2>\n\n\n\n<hr class=\"wp-block-separator\"\/>\n\n\n\n<div class=\"wp-block-media-text alignwide is-stacked-on-mobile\" style=\"grid-template-columns:39% auto\"><figure class=\"wp-block-media-text__media\"><img decoding=\"async\" width=\"1920\" height=\"1005\" src=\"https:\/\/www.vivasalud.be\/wp-content\/uploads\/2021\/11\/FB_event_defend-the-defenders_online-actie_2021-1.jpg\" alt=\"Defend the Defenders 2021 online challenge\" class=\"wp-image-9589 size-full\" srcset=\"https:\/\/www.vivasalud.be\/wp-content\/uploads\/2021\/11\/FB_event_defend-the-defenders_online-actie_2021-1.jpg 1920w, https:\/\/www.vivasalud.be\/wp-content\/uploads\/2021\/11\/FB_event_defend-the-defenders_online-actie_2021-1-800x419.jpg 800w, https:\/\/www.vivasalud.be\/wp-content\/uploads\/2021\/11\/FB_event_defend-the-defenders_online-actie_2021-1-768x402.jpg 768w, https:\/\/www.vivasalud.be\/wp-content\/uploads\/2021\/11\/FB_event_defend-the-defenders_online-actie_2021-1-1536x804.jpg 1536w\" sizes=\"(max-width: 1920px) 100vw, 1920px\" \/><\/figure><div class=\"wp-block-media-text__content\">\n<h3 class=\"wp-block-heading\">Online challenge<\/h3>\n\n\n\n<p>Every day, human rights defenders are put under pressure, attacked, arrested and even murdered. And this is happening all over the world: in the Philippines, Afghanistan, Colombia, Guatemala, Palestine, but also in Belgium!<\/p>\n\n\n\n<p>To draw attention to this appalling reality and to support them, we are going to make an action film, and we need your help! Take part by sending us a selfie before 2 December in which you are shouting into a megaphone. The more photos we receive, the more powerful the film will be!<\/p>\n\n\n\n<div class=\"wp-block-buttons is-layout-flex wp-block-buttons-is-layout-flex\">\n<div class=\"wp-block-button\"><a class=\"wp-block-button__link\" href=\"https:\/\/www.facebook.com\/events\/903370350297317\" target=\"_blank\" rel=\"noreferrer noopener\"><strong><span class=\"has-inline-color has-white-color\">&gt; I'm participating<\/span><\/strong><\/a><\/div>\n<\/div>\n<\/div><\/div>\n\n\n\n<hr class=\"wp-block-separator\"\/>\n\n\n\n<div class=\"wp-block-media-text alignwide has-media-on-the-right is-stacked-on-mobile\" style=\"grid-template-columns:auto 39%\"><figure class=\"wp-block-media-text__media\"><img decoding=\"async\" width=\"960\" height=\"720\" src=\"https:\/\/www.vivasalud.be\/wp-content\/uploads\/2021\/11\/257813823_2893530257574385_7200547626707654041_n.jpg\" alt=\"Defend the Defenders\" class=\"wp-image-9586 size-full\" srcset=\"https:\/\/www.vivasalud.be\/wp-content\/uploads\/2021\/11\/257813823_2893530257574385_7200547626707654041_n.jpg 960w, https:\/\/www.vivasalud.be\/wp-content\/uploads\/2021\/11\/257813823_2893530257574385_7200547626707654041_n-800x600.jpg 800w, https:\/\/www.vivasalud.be\/wp-content\/uploads\/2021\/11\/257813823_2893530257574385_7200547626707654041_n-400x300.jpg 400w, https:\/\/www.vivasalud.be\/wp-content\/uploads\/2021\/11\/257813823_2893530257574385_7200547626707654041_n-768x576.jpg 768w\" sizes=\"(max-width: 960px) 100vw, 960px\" \/><\/figure><div class=\"wp-block-media-text__content\">\n<h3 class=\"wp-block-heading\">Defending Human Rights Defenders in Belgium and the Philippines<\/h3>\n\n\n\n<p>In preparation for Defend the Defenders and Human Rights Day, we will have a discussion with Belgian activists Kat Berza from the Council for Health &amp; Development (CHD) and Lorena Villareal from the Philippine Network of Food Security Programmes (PNFSP).<br>We will discuss the human rights situation in Belgium and the Philippines and how we can strengthen international solidarity.<br>The lecture (in English and Dutch) will be followed by a question and answer session with the audience and drinks.<\/p>\n\n\n\n<p><strong>Saturday, 4 December from 7:30 p.m. to 9:30 p.m. @ De Markten<\/strong><\/p>\n\n\n\n<div class=\"wp-block-buttons is-layout-flex wp-block-buttons-is-layout-flex\">\n<div class=\"wp-block-button\"><a class=\"wp-block-button__link\" href=\"https:\/\/www.facebook.com\/events\/903370350297317\" target=\"_blank\" rel=\"noreferrer noopener\"><strong><span class=\"has-inline-color has-white-color\">&gt; <\/span>I am interested.<\/strong><\/a><\/div>\n<\/div>\n<\/div><\/div>\n\n\n\n<hr class=\"wp-block-separator\"\/>\n\n\n\n<div class=\"wp-block-media-text alignwide is-stacked-on-mobile\" style=\"grid-template-columns:39% auto\"><figure class=\"wp-block-media-text__media\"><img loading=\"lazy\" decoding=\"async\" width=\"1920\" height=\"1005\" src=\"https:\/\/www.vivasalud.be\/wp-content\/uploads\/2021\/11\/FB_event_defend-the-defenders_20213.jpg\" alt=\"Defend the Defenders 2021\" class=\"wp-image-9583 size-full\" srcset=\"https:\/\/www.vivasalud.be\/wp-content\/uploads\/2021\/11\/FB_event_defend-the-defenders_20213.jpg 1920w, https:\/\/www.vivasalud.be\/wp-content\/uploads\/2021\/11\/FB_event_defend-the-defenders_20213-800x419.jpg 800w, https:\/\/www.vivasalud.be\/wp-content\/uploads\/2021\/11\/FB_event_defend-the-defenders_20213-768x402.jpg 768w, https:\/\/www.vivasalud.be\/wp-content\/uploads\/2021\/11\/FB_event_defend-the-defenders_20213-1536x804.jpg 1536w\" sizes=\"(max-width: 1920px) 100vw, 1920px\" \/><\/figure><div class=\"wp-block-media-text__content\">\n<h3 class=\"wp-block-heading\">Action for human rights defenders<\/h3>\n\n\n\n<p>This year, you can find us from 6 p.m. onwards at the following locations:<\/p>\n\n\n\n<ul class=\"wp-block-list\"><li><a href=\"https:\/\/fb.me\/e\/19tfEsiDh\">Brussels<\/a> (Mount of Arts)<\/li><li>Sint-Niklaas (Station Square)<\/li><li>Verviers (Lion Bridge).<\/li><\/ul>\n\n\n\n<div class=\"wp-block-buttons is-layout-flex wp-block-buttons-is-layout-flex\">\n<div class=\"wp-block-button\"><a class=\"wp-block-button__link\" href=\"https:\/\/www.facebook.com\/events\/249194613857366\/\" target=\"_blank\" rel=\"noreferrer noopener\"><strong><span class=\"has-inline-color has-white-color\">&gt; I'm taking action<\/span><\/strong><\/a><\/div>\n<\/div>\n<\/div><\/div>\n\n\n\n<hr class=\"wp-block-separator\"\/>\n\n\n\n<p><a href=\"https:\/\/defendthedefenders2021.wordpress.com\/\" target=\"_blank\" rel=\"noreferrer noopener\">Defend the Defenders<\/a> is an initiative of intal, Viva Salud, Solidagro, FOS, SamaSama, Solidair met Guatemala, Honduras Werkgroep, Masereelfonds, ACV Puls, Centrale Generale FGTB and many other social movements.<\/p>\n\n\n\n<p><a href=\"https:\/\/www.facebook.com\/DefendTheDefendersBelgium\" target=\"_blank\" rel=\"noreferrer noopener\">Also like Defend the Defenders Belgium on Facebook.<\/a>.<\/p>","protected":false},"excerpt":{"rendered":"<p>On 10 December, we commemorate the signing of the Universal Declaration of Human Rights. For 73 years, social movements have been defending our fundamental rights. All over the world, civil society is under pressure. On 10 December, Defend the Defenders, a broad coalition of trade unions and social movements, is organising actions in solidarity with all these movements. We are literally shining a light on their commitment and our rights!<\/p>","protected":false},"author":15,"featured_media":9583,"parent":0,"menu_order":19,"comment_status":"closed","ping_status":"closed","template":"views\/template-margin-top.blade.php","meta":{"_acf_changed":false,"_seopress_robots_primary_cat":"","_seopress_titles_title":"","_seopress_titles_desc":"Le 10 d\u00e9cembre, Defend the Defenders met litt\u00e9ralement en lumi\u00e8re l&#039;engagement des mouvements sociaux et des activistes pour nos droits!","_seopress_robots_index":"","footnotes":""},"class_list":["post-9576","page","type-page","status-publish","has-post-thumbnail","hentry"],"acf":[],"_links":{"self":[{"href":"https:\/\/www.vivasalud.be\/en\/wp-json\/wp\/v2\/pages\/9576","targetHints":{"allow":["GET"]}}],"collection":[{"href":"https:\/\/www.vivasalud.be\/en\/wp-json\/wp\/v2\/pages"}],"about":[{"href":"https:\/\/www.vivasalud.be\/en\/wp-json\/wp\/v2\/types\/page"}],"author":[{"embeddable":true,"href":"https:\/\/www.vivasalud.be\/en\/wp-json\/wp\/v2\/users\/15"}],"replies":[{"embeddable":true,"href":"https:\/\/www.vivasalud.be\/en\/wp-json\/wp\/v2\/comments?post=9576"}],"version-history":[{"count":0,"href":"https:\/\/www.vivasalud.be\/en\/wp-json\/wp\/v2\/pages\/9576\/revisions"}],"wp:featuredmedia":[{"embeddable":true,"href":"https:\/\/www.vivasalud.be\/en\/wp-json\/wp\/v2\/media\/9583"}],"wp:attachment":[{"href":"https:\/\/www.vivasalud.be\/en\/wp-json\/wp\/v2\/media?parent=9576"}],"curies":[{"name":"wp","href":"https:\/\/api.w.org\/{rel}","templated":true}]}}

Le 10 décembre, Defend the Defenders met littéralement en lumière l&#039;engagement des mouvements sociaux et des activistes pour nos droits!
