{"id":9576,"date":"2021-11-25T16:33:48","date_gmt":"2021-11-25T15:33:48","guid":{"rendered":"https:\/\/www.vivasalud.be\/?page_id=9576"},"modified":"2022-06-29T16:01:37","modified_gmt":"2022-06-29T14:01:37","slug":"verdedig-de-verdedigers","status":"publish","type":"page","link":"https:\/\/www.vivasalud.be\/nl\/defend-the-defenders\/","title":{"rendered":"Verdedig de verdedigers"},"content":{"rendered":"<h1 class=\"wp-block-heading\">Verdedig de verdedigers<\/h1>\n\n\n\n<figure class=\"wp-block-image size-full\"><a href=\"https:\/\/www.vivasalud.be\/wp-content\/uploads\/2021\/11\/FB_event_defend-the-defenders_20213.jpg\"><img fetchpriority=\"high\" decoding=\"async\" width=\"1920\" height=\"1005\" src=\"https:\/\/www.vivasalud.be\/wp-content\/uploads\/2021\/11\/FB_event_defend-the-defenders_20213.jpg\" alt=\"Verdedig de verdedigers 2021\" class=\"wp-image-9583\" srcset=\"https:\/\/www.vivasalud.be\/wp-content\/uploads\/2021\/11\/FB_event_defend-the-defenders_20213.jpg 1920w, https:\/\/www.vivasalud.be\/wp-content\/uploads\/2021\/11\/FB_event_defend-the-defenders_20213-800x419.jpg 800w, https:\/\/www.vivasalud.be\/wp-content\/uploads\/2021\/11\/FB_event_defend-the-defenders_20213-768x402.jpg 768w, https:\/\/www.vivasalud.be\/wp-content\/uploads\/2021\/11\/FB_event_defend-the-defenders_20213-1536x804.jpg 1536w\" sizes=\"(max-width: 1920px) 100vw, 1920px\" \/><\/a><\/figure>\n\n\n\n<p><strong>Op 10 december herdenken we de ondertekening van de Universele Verklaring van de Rechten van de Mens. Al 73 jaar lang komen sociale bewegingen op voor onze basisrechten: dankzij stakingen van vakbonden hebben we fatsoenlijk werk gekregen, hebben inheemse volkeren megamijnbouwprojecten tegengehouden en heeft de mobilisatie van jongeren klimaatrechtvaardigheid bovenaan de politieke agenda gezet.<\/strong><\/p>\n\n\n\n<p>In Colombia, de Filipijnen, Palestina, Guatemala, Afghanistan ... maar ook in Belgi\u00eb wordt de burgermaatschappij onder druk gezet: van het opschorten van hun recht om te demonstreren, tot vonnissen die hun recht op actie beperken, tot aanvallen op de reputatie van mensenrechtenverdedigers, tot arrestaties en zelfs moorden.<\/p>\n\n\n\n<p>Op 10 december, <a href=\"https:\/\/defendthedefenders2021.wordpress.com\/\" target=\"_blank\" rel=\"noreferrer noopener\">Verdedig de verdedigers<\/a>, een grote groep vakbonden en sociale bewegingen, organiseert acties in heel Belgi\u00eb en in verschillende landen om te laten zien dat we achter al deze bewegingen staan. We zetten hun inzet en onze rechten echt in de schijnwerpers!<\/p>\n\n\n\n<p>Dit jaar zijn er acties in Brussel, Sint-Niklaas en Verviers.<\/p>\n\n\n\n<h2 class=\"wp-block-heading\">Onze doelen<\/h2>\n\n\n\n<p>We willen dat Belgi\u00eb<\/p>\n\n\n\n<ul class=\"wp-block-list\"><li>effectieve beschermingsmechanismen opzet voor mensenrechtenverdedigers en milieuactivisten over de hele wereld;<\/li><li>beschermt in zijn diplomatieke contacten met regeringen over de hele wereld mensenrechtenactivisten, milieuactivisten en sociale bewegingen;<\/li><li>voert een buitenlands beleid dat klopt met de mensenrechten.<\/li><\/ul>\n\n\n\n<h2 class=\"wp-block-heading\">Doe mee<\/h2>\n\n\n\n<hr class=\"wp-block-separator\"\/>\n\n\n\n<div class=\"wp-block-media-text alignwide is-stacked-on-mobile\" style=\"grid-template-columns:39% auto\"><figure class=\"wp-block-media-text__media\"><img decoding=\"async\" width=\"1920\" height=\"1005\" src=\"https:\/\/www.vivasalud.be\/wp-content\/uploads\/2021\/11\/FB_event_defend-the-defenders_online-actie_2021-1.jpg\" alt=\"online uitdaging Defend the Defenders 2021\" class=\"wp-image-9589 size-full\" srcset=\"https:\/\/www.vivasalud.be\/wp-content\/uploads\/2021\/11\/FB_event_defend-the-defenders_online-actie_2021-1.jpg 1920w, https:\/\/www.vivasalud.be\/wp-content\/uploads\/2021\/11\/FB_event_defend-the-defenders_online-actie_2021-1-800x419.jpg 800w, https:\/\/www.vivasalud.be\/wp-content\/uploads\/2021\/11\/FB_event_defend-the-defenders_online-actie_2021-1-768x402.jpg 768w, https:\/\/www.vivasalud.be\/wp-content\/uploads\/2021\/11\/FB_event_defend-the-defenders_online-actie_2021-1-1536x804.jpg 1536w\" sizes=\"(max-width: 1920px) 100vw, 1920px\" \/><\/figure><div class=\"wp-block-media-text__content\">\n<h3 class=\"wp-block-heading\">Online uitdaging<\/h3>\n\n\n\n<p>Elke dag worden mensenrechtenactivisten onder druk gezet, aangevallen, opgepakt en zelfs vermoord. En dat gebeurt overal ter wereld: in de Filipijnen, Afghanistan, Colombia, Guatemala, Palestina, maar ook in Belgi\u00eb!<\/p>\n\n\n\n<p>Om aandacht te vragen voor deze schokkende situatie en om hen te steunen, maken we een actiefilm waarvoor we jouw hulp nodig hebben! Doe mee door ons voor 2 december een selfie te sturen waarop je in een megafoon schreeuwt. Hoe meer foto's, hoe krachtiger de film!<\/p>\n\n\n\n<div class=\"wp-block-buttons is-layout-flex wp-block-buttons-is-layout-flex\">\n<div class=\"wp-block-button\"><a class=\"wp-block-button__link\" href=\"https:\/\/www.facebook.com\/events\/903370350297317\" target=\"_blank\" rel=\"noreferrer noopener\"><strong><span class=\"has-inline-color has-white-color\">&gt; Ik doe mee<\/span><\/strong><\/a><\/div>\n<\/div>\n<\/div><\/div>\n\n\n\n<hr class=\"wp-block-separator\"\/>\n\n\n\n<div class=\"wp-block-media-text alignwide has-media-on-the-right is-stacked-on-mobile\" style=\"grid-template-columns:auto 39%\"><figure class=\"wp-block-media-text__media\"><img decoding=\"async\" width=\"960\" height=\"720\" src=\"https:\/\/www.vivasalud.be\/wp-content\/uploads\/2021\/11\/257813823_2893530257574385_7200547626707654041_n.jpg\" alt=\"Verdedig de verdedigers\" class=\"wp-image-9586 size-full\" srcset=\"https:\/\/www.vivasalud.be\/wp-content\/uploads\/2021\/11\/257813823_2893530257574385_7200547626707654041_n.jpg 960w, https:\/\/www.vivasalud.be\/wp-content\/uploads\/2021\/11\/257813823_2893530257574385_7200547626707654041_n-800x600.jpg 800w, https:\/\/www.vivasalud.be\/wp-content\/uploads\/2021\/11\/257813823_2893530257574385_7200547626707654041_n-400x300.jpg 400w, https:\/\/www.vivasalud.be\/wp-content\/uploads\/2021\/11\/257813823_2893530257574385_7200547626707654041_n-768x576.jpg 768w\" sizes=\"(max-width: 960px) 100vw, 960px\" \/><\/figure><div class=\"wp-block-media-text__content\">\n<h3 class=\"wp-block-heading\">Verdedigers verdedigen in Belgi\u00eb en de Filipijnen<\/h3>\n\n\n\n<p>Ter voorbereiding op Defend the Defenders en de Dag van de Mensenrechten hebben we een gesprek met Belgische activisten Kat Berza van de Council for Health &amp; Development (CHD) en Lorena Villareal van het Philippine Network of Food Security Programmes (PNFSP).<br>We gaan het hebben over de mensenrechtensituatie in Belgi\u00eb en de Filipijnen en hoe we de internationale solidariteit kunnen versterken.<br>Na de lezing (in het Engels en Nederlands) is er tijd voor vragen van het publiek en een borrel.<\/p>\n\n\n\n<p><strong>Zaterdag 4 december van 19.30 tot 21.30 uur @ De Markten<\/strong><\/p>\n\n\n\n<div class=\"wp-block-buttons is-layout-flex wp-block-buttons-is-layout-flex\">\n<div class=\"wp-block-button\"><a class=\"wp-block-button__link\" href=\"https:\/\/www.facebook.com\/events\/903370350297317\" target=\"_blank\" rel=\"noreferrer noopener\"><strong><span class=\"has-inline-color has-white-color\">&gt; <\/span>Ik ben ge\u00efnteresseerd.<\/strong><\/a><\/div>\n<\/div>\n<\/div><\/div>\n\n\n\n<hr class=\"wp-block-separator\"\/>\n\n\n\n<div class=\"wp-block-media-text alignwide is-stacked-on-mobile\" style=\"grid-template-columns:39% auto\"><figure class=\"wp-block-media-text__media\"><img loading=\"lazy\" decoding=\"async\" width=\"1920\" height=\"1005\" src=\"https:\/\/www.vivasalud.be\/wp-content\/uploads\/2021\/11\/FB_event_defend-the-defenders_20213.jpg\" alt=\"Verdedig de verdedigers 2021\" class=\"wp-image-9583 size-full\" srcset=\"https:\/\/www.vivasalud.be\/wp-content\/uploads\/2021\/11\/FB_event_defend-the-defenders_20213.jpg 1920w, https:\/\/www.vivasalud.be\/wp-content\/uploads\/2021\/11\/FB_event_defend-the-defenders_20213-800x419.jpg 800w, https:\/\/www.vivasalud.be\/wp-content\/uploads\/2021\/11\/FB_event_defend-the-defenders_20213-768x402.jpg 768w, https:\/\/www.vivasalud.be\/wp-content\/uploads\/2021\/11\/FB_event_defend-the-defenders_20213-1536x804.jpg 1536w\" sizes=\"(max-width: 1920px) 100vw, 1920px\" \/><\/figure><div class=\"wp-block-media-text__content\">\n<h3 class=\"wp-block-heading\">Actie voor mensenrechtenactivisten<\/h3>\n\n\n\n<p>Dit jaar kun je ons vanaf 18.00 uur op de volgende plekken vinden:<\/p>\n\n\n\n<ul class=\"wp-block-list\"><li><a href=\"https:\/\/fb.me\/e\/19tfEsiDh\">Brussel<\/a> (Mont des Arts)<\/li><li>Sint-Niklaas (Stationsplein)<\/li><li>Verviers (Pont aux Lions).<\/li><\/ul>\n\n\n\n<div class=\"wp-block-buttons is-layout-flex wp-block-buttons-is-layout-flex\">\n<div class=\"wp-block-button\"><a class=\"wp-block-button__link\" href=\"https:\/\/www.facebook.com\/events\/249194613857366\/\" target=\"_blank\" rel=\"noreferrer noopener\"><strong><span class=\"has-inline-color has-white-color\">&gt; Ik ga ervoor<\/span><\/strong><\/a><\/div>\n<\/div>\n<\/div><\/div>\n\n\n\n<hr class=\"wp-block-separator\"\/>\n\n\n\n<p><a href=\"https:\/\/defendthedefenders2021.wordpress.com\/\" target=\"_blank\" rel=\"noreferrer noopener\">Verdedig de verdedigers<\/a> is een initiatief van intal, Viva Salud, Solidagro, FOS, SamaSama, Solidair met Guatemala, Honduras Werkgroep, Masereelfonds, ACV Puls, Centrale Generale FGTB en nog veel meer sociale bewegingen.<\/p>\n\n\n\n<p><a href=\"https:\/\/www.facebook.com\/DefendTheDefendersBelgium\" target=\"_blank\" rel=\"noreferrer noopener\">Like ook Defend the Defenders Belgium op Facebook<\/a>.<\/p>","protected":false},"excerpt":{"rendered":"<p>Op 10 december herdenken we de ondertekening van de Universele Verklaring van de Rechten van de Mens. Al 73 jaar lang komen sociale bewegingen op voor onze basisrechten. Overal ter wereld staat het maatschappelijk middenveld onder druk. Op 10 december organiseert Defend the Defenders, een grote coalitie van vakbonden en sociale bewegingen, acties om te laten zien dat we achter al deze bewegingen staan. We zetten hun inzet en onze rechten letterlijk in de schijnwerpers!<\/p>","protected":false},"author":15,"featured_media":9583,"parent":0,"menu_order":19,"comment_status":"closed","ping_status":"closed","template":"views\/template-margin-top.blade.php","meta":{"_acf_changed":false,"_seopress_robots_primary_cat":"","_seopress_titles_title":"","_seopress_titles_desc":"Le 10 d\u00e9cembre, Defend the Defenders met litt\u00e9ralement en lumi\u00e8re l&#039;engagement des mouvements sociaux et des activistes pour nos droits!","_seopress_robots_index":"","footnotes":""},"class_list":["post-9576","page","type-page","status-publish","has-post-thumbnail","hentry"],"acf":[],"_links":{"self":[{"href":"https:\/\/www.vivasalud.be\/nl\/wp-json\/wp\/v2\/pages\/9576","targetHints":{"allow":["GET"]}}],"collection":[{"href":"https:\/\/www.vivasalud.be\/nl\/wp-json\/wp\/v2\/pages"}],"about":[{"href":"https:\/\/www.vivasalud.be\/nl\/wp-json\/wp\/v2\/types\/page"}],"author":[{"embeddable":true,"href":"https:\/\/www.vivasalud.be\/nl\/wp-json\/wp\/v2\/users\/15"}],"replies":[{"embeddable":true,"href":"https:\/\/www.vivasalud.be\/nl\/wp-json\/wp\/v2\/comments?post=9576"}],"version-history":[{"count":0,"href":"https:\/\/www.vivasalud.be\/nl\/wp-json\/wp\/v2\/pages\/9576\/revisions"}],"wp:featuredmedia":[{"embeddable":true,"href":"https:\/\/www.vivasalud.be\/nl\/wp-json\/wp\/v2\/media\/9583"}],"wp:attachment":[{"href":"https:\/\/www.vivasalud.be\/nl\/wp-json\/wp\/v2\/media?parent=9576"}],"curies":[{"name":"wp","href":"https:\/\/api.w.org\/{rel}","templated":true}]}}

<h1 class="wp-block-heading">Verdedig de verdedigers</h1>



<figure class="wp-block-image size-full"><a href="https://www.vivasalud.be/wp-content/uploads/2021/11/FB_event_defend-the-defenders_20213.jpg"><img fetchpriority="high" decoding="async" width="1920" height="1005" src="https://www.vivasalud.be/wp-content/uploads/2021/11/FB_event_defend-the-defenders_20213.jpg" alt="Verdedig de verdedigers 2021" class="wp-image-9583" srcset="https://www.vivasalud.be/wp-content/uploads/2021/11/FB_event_defend-the-defenders_20213.jpg 1920w, https://www.vivasalud.be/wp-content/uploads/2021/11/FB_event_defend-the-defenders_20213-800x419.jpg 800w, https://www.vivasalud.be/wp-content/uploads/2021/11/FB_event_defend-the-defenders_20213-768x402.jpg 768w, https://www.vivasalud.be/wp-content/uploads/2021/11/FB_event_defend-the-defenders_20213-1536x804.jpg 1536w" sizes="(max-width: 1920px) 100vw, 1920px" /></a></figure>



<p><strong>Op 10 december herdenken we de ondertekening van de Universele Verklaring van de Rechten van de Mens. Al 73 jaar lang komen sociale bewegingen op voor onze basisrechten: dankzij stakingen van vakbonden hebben we fatsoenlijk werk gekregen, hebben inheemse volkeren megamijnbouwprojecten tegengehouden en heeft de mobilisatie van jongeren klimaatrechtvaardigheid bovenaan de politieke agenda gezet.</strong></p>



<p>In Colombia, de Filipijnen, Palestina, Guatemala, Afghanistan ... maar ook in België wordt de burgermaatschappij onder druk gezet: van het opschorten van hun recht om te demonstreren, tot vonnissen die hun recht op actie beperken, tot aanvallen op de reputatie van mensenrechtenverdedigers, tot arrestaties en zelfs moorden.</p>



<p>Op 10 december, <a href="https://defendthedefenders2021.wordpress.com/" target="_blank" rel="noreferrer noopener">Verdedig de verdedigers</a>, een grote groep vakbonden en sociale bewegingen, organiseert acties in heel België en in verschillende landen om te laten zien dat we achter al deze bewegingen staan. We zetten hun inzet en onze rechten echt in de schijnwerpers!</p>



<p>Dit jaar zijn er acties in Brussel, Sint-Niklaas en Verviers.</p>



<h2 class="wp-block-heading">Onze doelen</h2>



<p>We willen dat België</p>



<ul class="wp-block-list"><li>effectieve beschermingsmechanismen opzet voor mensenrechtenverdedigers en milieuactivisten over de hele wereld;</li><li>beschermt in zijn diplomatieke contacten met regeringen over de hele wereld mensenrechtenactivisten, milieuactivisten en sociale bewegingen;</li><li>voert een buitenlands beleid dat klopt met de mensenrechten.</li></ul>



<h2 class="wp-block-heading">Doe mee</h2>



<hr class="wp-block-separator"/>



<div class="wp-block-media-text alignwide is-stacked-on-mobile" style="grid-template-columns:39% auto"><figure class="wp-block-media-text__media"><img decoding="async" width="1920" height="1005" src="https://www.vivasalud.be/wp-content/uploads/2021/11/FB_event_defend-the-defenders_online-actie_2021-1.jpg" alt="online uitdaging Defend the Defenders 2021" class="wp-image-9589 size-full" srcset="https://www.vivasalud.be/wp-content/uploads/2021/11/FB_event_defend-the-defenders_online-actie_2021-1.jpg 1920w, https://www.vivasalud.be/wp-content/uploads/2021/11/FB_event_defend-the-defenders_online-actie_2021-1-800x419.jpg 800w, https://www.vivasalud.be/wp-content/uploads/2021/11/FB_event_defend-the-defenders_online-actie_2021-1-768x402.jpg 768w, https://www.vivasalud.be/wp-content/uploads/2021/11/FB_event_defend-the-defenders_online-actie_2021-1-1536x804.jpg 1536w" sizes="(max-width: 1920px) 100vw, 1920px" /></figure><div class="wp-block-media-text__content">
<h3 class="wp-block-heading">Online uitdaging</h3>



<p>Elke dag worden mensenrechtenactivisten onder druk gezet, aangevallen, opgepakt en zelfs vermoord. En dat gebeurt overal ter wereld: in de Filipijnen, Afghanistan, Colombia, Guatemala, Palestina, maar ook in België!</p>



<p>Om aandacht te vragen voor deze schokkende situatie en om hen te steunen, maken we een actiefilm waarvoor we jouw hulp nodig hebben! Doe mee door ons voor 2 december een selfie te sturen waarop je in een megafoon schreeuwt. Hoe meer foto's, hoe krachtiger de film!</p>



<div class="wp-block-buttons is-layout-flex wp-block-buttons-is-layout-flex">
<div class="wp-block-button"><a class="wp-block-button__link" href="https://www.facebook.com/events/903370350297317" target="_blank" rel="noreferrer noopener"><strong><span class="has-inline-color has-white-color">&gt; Ik doe mee</span></strong></a></div>
</div>
</div></div>



<hr class="wp-block-separator"/>



<div class="wp-block-media-text alignwide has-media-on-the-right is-stacked-on-mobile" style="grid-template-columns:auto 39%"><figure class="wp-block-media-text__media"><img decoding="async" width="960" height="720" src="https://www.vivasalud.be/wp-content/uploads/2021/11/257813823_2893530257574385_7200547626707654041_n.jpg" alt="Verdedig de verdedigers" class="wp-image-9586 size-full" srcset="https://www.vivasalud.be/wp-content/uploads/2021/11/257813823_2893530257574385_7200547626707654041_n.jpg 960w, https://www.vivasalud.be/wp-content/uploads/2021/11/257813823_2893530257574385_7200547626707654041_n-800x600.jpg 800w, https://www.vivasalud.be/wp-content/uploads/2021/11/257813823_2893530257574385_7200547626707654041_n-400x300.jpg 400w, https://www.vivasalud.be/wp-content/uploads/2021/11/257813823_2893530257574385_7200547626707654041_n-768x576.jpg 768w" sizes="(max-width: 960px) 100vw, 960px" /></figure><div class="wp-block-media-text__content">
<h3 class="wp-block-heading">Verdedigers verdedigen in België en de Filipijnen</h3>



<p>Ter voorbereiding op Defend the Defenders en de Dag van de Mensenrechten hebben we een gesprek met Belgische activisten Kat Berza van de Council for Health &amp; Development (CHD) en Lorena Villareal van het Philippine Network of Food Security Programmes (PNFSP).<br>We gaan het hebben over de mensenrechtensituatie in België en de Filipijnen en hoe we de internationale solidariteit kunnen versterken.<br>Na de lezing (in het Engels en Nederlands) is er tijd voor vragen van het publiek en een borrel.</p>



<p><strong>Zaterdag 4 december van 19.30 tot 21.30 uur @ De Markten</strong></p>



<div class="wp-block-buttons is-layout-flex wp-block-buttons-is-layout-flex">
<div class="wp-block-button"><a class="wp-block-button__link" href="https://www.facebook.com/events/903370350297317" target="_blank" rel="noreferrer noopener"><strong><span class="has-inline-color has-white-color">&gt; </span>Ik ben geïnteresseerd.</strong></a></div>
</div>
</div></div>



<hr class="wp-block-separator"/>



<div class="wp-block-media-text alignwide is-stacked-on-mobile" style="grid-template-columns:39% auto"><figure class="wp-block-media-text__media"><img loading="lazy" decoding="async" width="1920" height="1005" src="https://www.vivasalud.be/wp-content/uploads/2021/11/FB_event_defend-the-defenders_20213.jpg" alt="Verdedig de verdedigers 2021" class="wp-image-9583 size-full" srcset="https://www.vivasalud.be/wp-content/uploads/2021/11/FB_event_defend-the-defenders_20213.jpg 1920w, https://www.vivasalud.be/wp-content/uploads/2021/11/FB_event_defend-the-defenders_20213-800x419.jpg 800w, https://www.vivasalud.be/wp-content/uploads/2021/11/FB_event_defend-the-defenders_20213-768x402.jpg 768w, https://www.vivasalud.be/wp-content/uploads/2021/11/FB_event_defend-the-defenders_20213-1536x804.jpg 1536w" sizes="(max-width: 1920px) 100vw, 1920px" /></figure><div class="wp-block-media-text__content">
<h3 class="wp-block-heading">Actie voor mensenrechtenactivisten</h3>



<p>Dit jaar kun je ons vanaf 18.00 uur op de volgende plekken vinden:</p>



<ul class="wp-block-list"><li><a href="https://fb.me/e/19tfEsiDh">Brussel</a> (Mont des Arts)</li><li>Sint-Niklaas (Stationsplein)</li><li>Verviers (Pont aux Lions).</li></ul>



<div class="wp-block-buttons is-layout-flex wp-block-buttons-is-layout-flex">
<div class="wp-block-button"><a class="wp-block-button__link" href="https://www.facebook.com/events/249194613857366/" target="_blank" rel="noreferrer noopener"><strong><span class="has-inline-color has-white-color">&gt; Ik ga ervoor</span></strong></a></div>
</div>
</div></div>



<hr class="wp-block-separator"/>



<p><a href="https://defendthedefenders2021.wordpress.com/" target="_blank" rel="noreferrer noopener">Verdedig de verdedigers</a> is een initiatief van intal, Viva Salud, Solidagro, FOS, SamaSama, Solidair met Guatemala, Honduras Werkgroep, Masereelfonds, ACV Puls, Centrale Generale FGTB en nog veel meer sociale bewegingen.</p>



<p><a href="https://www.facebook.com/DefendTheDefendersBelgium" target="_blank" rel="noreferrer noopener">Like ook Defend the Defenders Belgium op Facebook</a>.</p>

Le 10 décembre, Defend the Defenders met littéralement en lumière l&#039;engagement des mouvements sociaux et des activistes pour nos droits!
